{"id":84,"date":"2019-05-31T16:47:51","date_gmt":"2019-05-31T14:47:51","guid":{"rendered":"http:\/\/leclosvitis.com\/?page_id=84"},"modified":"2025-11-14T17:58:56","modified_gmt":"2025-11-14T16:58:56","slug":"le-domaine","status":"publish","type":"page","link":"https:\/\/leclosvitis.com\/?page_id=84","title":{"rendered":"Le Domaine"},"content":{"rendered":"<div class=\"wp-block-image is-resized\">\n<figure class=\"alignleft size-large\"><img loading=\"lazy\" decoding=\"async\" width=\"683\" height=\"1024\" src=\"https:\/\/leclosvitis.com\/wp-content\/uploads\/2025\/11\/IMG_6308-683x1024.jpg\" alt=\"\" class=\"wp-image-9350\" style=\"width:483px\" srcset=\"https:\/\/leclosvitis.com\/wp-content\/uploads\/2025\/11\/IMG_6308-683x1024.jpg 683w, https:\/\/leclosvitis.com\/wp-content\/uploads\/2025\/11\/IMG_6308-200x300.jpg 200w, https:\/\/leclosvitis.com\/wp-content\/uploads\/2025\/11\/IMG_6308-768x1152.jpg 768w, https:\/\/leclosvitis.com\/wp-content\/uploads\/2025\/11\/IMG_6308-1024x1536.jpg 1024w, https:\/\/leclosvitis.com\/wp-content\/uploads\/2025\/11\/IMG_6308-1365x2048.jpg 1365w, https:\/\/leclosvitis.com\/wp-content\/uploads\/2025\/11\/IMG_6308-2000x3000.jpg 2000w, https:\/\/leclosvitis.com\/wp-content\/uploads\/2025\/11\/IMG_6308-412x618.jpg 412w, https:\/\/leclosvitis.com\/wp-content\/uploads\/2025\/11\/IMG_6308-scaled.jpg 1707w\" sizes=\"auto, (max-width: 683px) 100vw, 683px\" \/><\/figure><\/div>\n\n\n<p style=\"font-size:15px\"><br><\/p>\n\n\n\n<p><\/p>\n\n\n\n<p><\/p>\n\n\n\n<p><\/p>\n\n\n\n<p><\/p>\n\n\n\n<p><\/p>\n\n\n\n<p><\/p>\n\n\n\n<p><\/p>\n\n\n\n<p><\/p>\n\n\n\n<p><\/p>\n\n\n\n<p><\/p>\n\n\n\n<p><\/p>\n\n\n\n<p><\/p>\n\n\n\n<p><\/p>\n\n\n\n<p><\/p>\n\n\n\n<p><\/p>\n\n\n\n<p><\/p>\n\n\n\n<p><\/p>\n\n\n\n<p style=\"font-size:15px\">C\u2019est dans un cadre idyllique que vous accueillent Bertrand &amp; Laurence. Au Clos Vitis, vous appr\u00e9cierez le calme et la beaut\u00e9 des vignobles environnants. L\u2019\u00e9tablissement vous propose la location des chambres d\u2019h\u00f4tes de charme, ainsi qu\u2019un service de Table d\u2019h\u00f4tes. Vous y trouverez des chambres spacieuses, un jardin dot\u00e9 d\u2019une piscine ext\u00e9rieure, o\u00f9 pins et oliviers offrent une ombre agr\u00e9able. Cette atmosph\u00e8re de d\u00e9tente juste troubl\u00e9e par le chant des cigales vous fera appr\u00e9cier la beaut\u00e9 et la tranquillit\u00e9 du sud de la France.<br><br>L\u2019histoire se cachant derri\u00e8re Le Clos Vitis, remonte \u00e0 plus de huit ans. Nous habitions \u00e0 cette \u00e9poque l\u00e0 dans le nord-est de la France, dans une petite ville appel\u00e9e Petite-Rosselle.<br>Les rumeurs sont vraies\u2026 le soleil n\u2019aime pas trop se montrer par l\u00e0-bas. Maintenant nous savons pourquoi, il passe tout son temps dans le sud, le petit malin ! Apr\u00e8s avoir visionn\u00e9 des documentaires sur des nouveaux types d\u2019h\u00e9bergements, appel\u00e9s maisons d\u2019h\u00f4tes, nous commencions alors \u00e0 r\u00eaver d\u2019en ouvrir une. Nous avions depuis toujours la passion de recevoir et organiser des repas pour nos amis et notre famille.<br>Pendant quatre ans, nous avons sillonn\u00e9 et d\u00e9couvert diff\u00e9rentes r\u00e9gions de France. Un jour nous avons eu la chance de visiter une propri\u00e9t\u00e9 dans un petit village nomm\u00e9 Viol\u00e8s et en sommes tomb\u00e9s follement amoureux. <br>Apr\u00e8s quatre ann\u00e9es de dur labeur nous sommes finalement en mesure d&rsquo;ouvrir les portes de nos magnifiques chambres d\u2019h\u00f4tes.<br><br><br><br><br><br><br><br><br><br><br><br><br><\/p>\n\n\n\n<p><\/p>\n\n\n\n<figure class=\"wp-block-gallery alignwide has-nested-images columns-default is-cropped wp-block-gallery-1 is-layout-flex wp-block-gallery-is-layout-flex\"><\/figure>\n\n\n\n<figure class=\"wp-block-gallery has-nested-images columns-default is-cropped wp-block-gallery-2 is-layout-flex wp-block-gallery-is-layout-flex\">\n<figure class=\"wp-block-image size-large\"><img loading=\"lazy\" decoding=\"async\" width=\"683\" height=\"1024\" data-id=\"9477\" src=\"https:\/\/leclosvitis.com\/wp-content\/uploads\/2025\/11\/IMG_6236-683x1024.jpg\" alt=\"\" class=\"wp-image-9477\" srcset=\"https:\/\/leclosvitis.com\/wp-content\/uploads\/2025\/11\/IMG_6236-683x1024.jpg 683w, https:\/\/leclosvitis.com\/wp-content\/uploads\/2025\/11\/IMG_6236-200x300.jpg 200w, https:\/\/leclosvitis.com\/wp-content\/uploads\/2025\/11\/IMG_6236-768x1152.jpg 768w, https:\/\/leclosvitis.com\/wp-content\/uploads\/2025\/11\/IMG_6236-1024x1536.jpg 1024w, https:\/\/leclosvitis.com\/wp-content\/uploads\/2025\/11\/IMG_6236-1365x2048.jpg 1365w, https:\/\/leclosvitis.com\/wp-content\/uploads\/2025\/11\/IMG_6236-2000x3000.jpg 2000w, https:\/\/leclosvitis.com\/wp-content\/uploads\/2025\/11\/IMG_6236-412x618.jpg 412w, https:\/\/leclosvitis.com\/wp-content\/uploads\/2025\/11\/IMG_6236-scaled.jpg 1707w\" sizes=\"auto, (max-width: 683px) 100vw, 683px\" \/><\/figure>\n\n\n\n<figure class=\"wp-block-image size-large\"><img decoding=\"async\" data-id=\"9468\" src=\"https:\/\/leclosvitis.com\/wp-content\/uploads\/2025\/11\/IMG_6221-1.jpg\" alt=\"\" class=\"wp-image-9468\"\/><\/figure>\n\n\n\n<figure class=\"wp-block-image size-full\"><img decoding=\"async\" data-id=\"9465\" src=\"http:\/\/leclosvitis.com\/wp-content\/uploads\/2025\/11\/IMG_6575.jpg\" alt=\"\" class=\"wp-image-9465\"\/><\/figure>\n\n\n\n<figure class=\"wp-block-image size-large\"><img loading=\"lazy\" decoding=\"async\" width=\"683\" height=\"1024\" data-id=\"9474\" src=\"https:\/\/leclosvitis.com\/wp-content\/uploads\/2025\/11\/IMG_6506-683x1024.jpg\" alt=\"\" class=\"wp-image-9474\" srcset=\"https:\/\/leclosvitis.com\/wp-content\/uploads\/2025\/11\/IMG_6506-683x1024.jpg 683w, https:\/\/leclosvitis.com\/wp-content\/uploads\/2025\/11\/IMG_6506-200x300.jpg 200w, https:\/\/leclosvitis.com\/wp-content\/uploads\/2025\/11\/IMG_6506-768x1152.jpg 768w, https:\/\/leclosvitis.com\/wp-content\/uploads\/2025\/11\/IMG_6506-scaled.jpg 1707w\" sizes=\"auto, (max-width: 683px) 100vw, 683px\" \/><\/figure>\n\n\n\n<figure class=\"wp-block-image size-large\"><img decoding=\"async\" data-id=\"9471\" src=\"https:\/\/leclosvitis.com\/wp-content\/uploads\/2025\/11\/IMG_6639.jpg\" alt=\"\" class=\"wp-image-9471\"\/><\/figure>\n\n\n\n<figure class=\"wp-block-image size-large\"><img decoding=\"async\" data-id=\"9462\" src=\"https:\/\/leclosvitis.com\/wp-content\/uploads\/2025\/11\/IMG_6414.jpg\" alt=\"\" class=\"wp-image-9462\"\/><\/figure>\n\n\n\n<figure class=\"wp-block-image size-large\"><img loading=\"lazy\" decoding=\"async\" width=\"683\" height=\"1024\" data-id=\"9459\" src=\"https:\/\/leclosvitis.com\/wp-content\/uploads\/2025\/11\/IMG_6332-683x1024.jpg\" alt=\"\" class=\"wp-image-9459\" srcset=\"https:\/\/leclosvitis.com\/wp-content\/uploads\/2025\/11\/IMG_6332-683x1024.jpg 683w, https:\/\/leclosvitis.com\/wp-content\/uploads\/2025\/11\/IMG_6332-200x300.jpg 200w, https:\/\/leclosvitis.com\/wp-content\/uploads\/2025\/11\/IMG_6332-scaled.jpg 1707w\" sizes=\"auto, (max-width: 683px) 100vw, 683px\" \/><\/figure>\n\n\n\n<figure class=\"wp-block-image size-large\"><img loading=\"lazy\" decoding=\"async\" width=\"683\" height=\"1024\" data-id=\"9456\" src=\"https:\/\/leclosvitis.com\/wp-content\/uploads\/2025\/11\/IMG_6553-683x1024.jpg\" alt=\"\" class=\"wp-image-9456\" srcset=\"https:\/\/leclosvitis.com\/wp-content\/uploads\/2025\/11\/IMG_6553-683x1024.jpg 683w, https:\/\/leclosvitis.com\/wp-content\/uploads\/2025\/11\/IMG_6553-200x300.jpg 200w, https:\/\/leclosvitis.com\/wp-content\/uploads\/2025\/11\/IMG_6553-768x1152.jpg 768w, https:\/\/leclosvitis.com\/wp-content\/uploads\/2025\/11\/IMG_6553-1024x1536.jpg 1024w, https:\/\/leclosvitis.com\/wp-content\/uploads\/2025\/11\/IMG_6553-1365x2048.jpg 1365w, https:\/\/leclosvitis.com\/wp-content\/uploads\/2025\/11\/IMG_6553-scaled.jpg 1707w\" sizes=\"auto, (max-width: 683px) 100vw, 683px\" \/><\/figure>\n\n\n\n<figure class=\"wp-block-image size-large\"><img loading=\"lazy\" decoding=\"async\" width=\"683\" height=\"1024\" data-id=\"9453\" src=\"https:\/\/leclosvitis.com\/wp-content\/uploads\/2025\/11\/IMG_6364-683x1024.jpg\" alt=\"\" class=\"wp-image-9453\" srcset=\"https:\/\/leclosvitis.com\/wp-content\/uploads\/2025\/11\/IMG_6364-683x1024.jpg 683w, https:\/\/leclosvitis.com\/wp-content\/uploads\/2025\/11\/IMG_6364-200x300.jpg 200w, https:\/\/leclosvitis.com\/wp-content\/uploads\/2025\/11\/IMG_6364-768x1152.jpg 768w, https:\/\/leclosvitis.com\/wp-content\/uploads\/2025\/11\/IMG_6364-scaled.jpg 1707w\" sizes=\"auto, (max-width: 683px) 100vw, 683px\" \/><\/figure>\n<\/figure>\n\n\n\n<p><\/p>\n","protected":false},"excerpt":{"rendered":"<p>C\u2019est dans un cadre idyllique que vous accueillent Bertrand &amp; Laurence. Au Clos Vitis, vous appr\u00e9cierez le calme et la beaut\u00e9 des vignobles environnants. L\u2019\u00e9tablissement vous propose la location des chambres d\u2019h\u00f4tes de charme, ainsi qu\u2019un service de Table d\u2019h\u00f4tes. Vous y trouverez des chambres spacieuses, un jardin dot\u00e9 d\u2019une piscine ext\u00e9rieure, o\u00f9 pins et &hellip; <a href=\"https:\/\/leclosvitis.com\/?page_id=84\" class=\"more-link\">Continue reading<span class=\"screen-reader-text\"> \u00ab\u00a0Le Domaine\u00a0\u00bb<\/span><\/a><\/p>\n","protected":false},"author":1,"featured_media":0,"parent":0,"menu_order":0,"comment_status":"closed","ping_status":"closed","template":"template-front-page.php","meta":{"footnotes":""},"class_list":["post-84","page","type-page","status-publish","hentry"],"_links":{"self":[{"href":"https:\/\/leclosvitis.com\/index.php?rest_route=\/wp\/v2\/pages\/84","targetHints":{"allow":["GET"]}}],"collection":[{"href":"https:\/\/leclosvitis.com\/index.php?rest_route=\/wp\/v2\/pages"}],"about":[{"href":"https:\/\/leclosvitis.com\/index.php?rest_route=\/wp\/v2\/types\/page"}],"author":[{"embeddable":true,"href":"https:\/\/leclosvitis.com\/index.php?rest_route=\/wp\/v2\/users\/1"}],"replies":[{"embeddable":true,"href":"https:\/\/leclosvitis.com\/index.php?rest_route=%2Fwp%2Fv2%2Fcomments&post=84"}],"version-history":[{"count":31,"href":"https:\/\/leclosvitis.com\/index.php?rest_route=\/wp\/v2\/pages\/84\/revisions"}],"predecessor-version":[{"id":9480,"href":"https:\/\/leclosvitis.com\/index.php?rest_route=\/wp\/v2\/pages\/84\/revisions\/9480"}],"wp:attachment":[{"href":"https:\/\/leclosvitis.com\/index.php?rest_route=%2Fwp%2Fv2%2Fmedia&parent=84"}],"curies":[{"name":"wp","href":"https:\/\/api.w.org\/{rel}","templated":true}]}}