{"id":884,"date":"2019-05-31T16:47:51","date_gmt":"2019-05-31T14:47:51","guid":{"rendered":"http:\/\/leclosvitis.com\/?page_id=884"},"modified":"2020-09-10T15:33:56","modified_gmt":"2020-09-10T13:33:56","slug":"le-domaine","status":"publish","type":"page","link":"https:\/\/leclosvitis.com\/?page_id=884&lang=de","title":{"rendered":"Le Domaine"},"content":{"rendered":"\n<div class=\"wp-block-image\"><figure class=\"alignleft is-resized\"><img loading=\"lazy\" decoding=\"async\" src=\"http:\/\/leclosvitis.com\/wp-content\/uploads\/2019\/11\/IMG_7794-683x1024.jpeg\" alt=\"\" class=\"wp-image-752\" width=\"349\" height=\"522\" srcset=\"https:\/\/leclosvitis.com\/wp-content\/uploads\/2019\/11\/IMG_7794-683x1024.jpeg 683w, https:\/\/leclosvitis.com\/wp-content\/uploads\/2019\/11\/IMG_7794-200x300.jpeg 200w\" sizes=\"auto, (max-width: 349px) 100vw, 349px\" \/><\/figure><\/div>\n\n\n\n<p style=\"font-size:15px\">Bertrand &amp; Laurence begr\u00fc\u00dfen Sie in einer idyllischen Umgebung.&nbsp; Im \u201eClos Vitis\u201c werden Sie die Ruhe und Sch\u00f6nheit der umliegenden Weinberge sch\u00e4tzen lernen.&nbsp;<br>Das Haus bietet Ihnen die Vermietung einer Ferienwohnung, charmante G\u00e4stezimmer sowie einen G\u00e4stetisch-Service an.<br>Hier finden Sie ger\u00e4umige Zimmer, einen Garten mit Au\u00dfenpool, wo Kiefern und Olivenb\u00e4ume angenehmen Schatten bieten, vor. Diese entspannende Atmosph\u00e4re, die nur durch Zikadengesang gest\u00f6rt wird, wird Sie die Sch\u00f6nheit und Ruhe S\u00fcdfrankreichs sch\u00e4tzen lassen.<br>Die Geschichte von Le Clos Vitis reicht mehr als acht Jahre zur\u00fcck. Damals lebten wir im Nordosten Frankreichs, in einer kleinen Stadt namens Petite-Rosselle. Die Ger\u00fcchte sind wahr&#8230;. die Sonne mag sich dort nicht zeigen.&nbsp;<br>Jetzt wissen wir warum sie ihre ganze Zeit im S\u00fcden verbringt \u2026. ganz sch\u00f6n klug von ihr.&nbsp;<br>Nachdem wir Dokumentationen \u00fcber neue Arten von Unterk\u00fcnften, die so genannten G\u00e4steh\u00e4user, gesehen hatten, begannen wir davon zu tr\u00e4umen, eines zu er\u00f6ffnen. Wir hatten schon immer eine Leidenschaft f\u00fcr die Bewirtung und Organisation von Mahlzeiten f\u00fcr unsere Freunde und Familie.<br>Vier Jahre lang haben wir verschiedene Regionen Frankreichs bereist und entdeckt. Eines Tages hatten wir die M\u00f6glichkeit, ein Anwesen in einem kleinen Dorf namens Viol\u00e8s besichtigt und uns sofort verliebt.<br>Nach vier Jahren harter Arbeit sind wir endlich in der Lage, die T\u00fcren unserer einzigartigen G\u00e4stezimmer zu \u00f6ffnen.<br><br><br><br><br><br><br><br><br><br><br><br><br><\/p>\n\n\n\n<p>  <\/p>\n\n\n\n<figure class=\"wp-block-gallery alignwide columns-3 is-cropped wp-block-gallery-1 is-layout-flex wp-block-gallery-is-layout-flex\"><ul class=\"blocks-gallery-grid\"><li class=\"blocks-gallery-item\"><figure><img loading=\"lazy\" decoding=\"async\" width=\"1024\" height=\"683\" src=\"http:\/\/leclosvitis.com\/wp-content\/uploads\/2019\/10\/IMG_7885-1024x683.jpeg\" alt=\"\" data-id=\"366\" data-full-url=\"http:\/\/leclosvitis.com\/wp-content\/uploads\/2019\/10\/IMG_7885.jpeg\" data-link=\"http:\/\/leclosvitis.com\/?attachment_id=366&amp;lang=de\" class=\"wp-image-366\" srcset=\"https:\/\/leclosvitis.com\/wp-content\/uploads\/2019\/10\/IMG_7885-1024x683.jpeg 1024w, https:\/\/leclosvitis.com\/wp-content\/uploads\/2019\/10\/IMG_7885-300x200.jpeg 300w, https:\/\/leclosvitis.com\/wp-content\/uploads\/2019\/10\/IMG_7885-768x512.jpeg 768w, https:\/\/leclosvitis.com\/wp-content\/uploads\/2019\/10\/IMG_7885-2000x1333.jpeg 2000w, https:\/\/leclosvitis.com\/wp-content\/uploads\/2019\/10\/IMG_7885-927x618.jpeg 927w\" sizes=\"auto, (max-width: 1024px) 100vw, 1024px\" \/><\/figure><\/li><li class=\"blocks-gallery-item\"><figure><img loading=\"lazy\" decoding=\"async\" width=\"1024\" height=\"859\" src=\"http:\/\/leclosvitis.com\/wp-content\/uploads\/2020\/09\/IMG_8404-1024x859.jpeg\" alt=\"\" data-id=\"1299\" data-full-url=\"http:\/\/leclosvitis.com\/wp-content\/uploads\/2020\/09\/IMG_8404.jpeg\" data-link=\"http:\/\/leclosvitis.com\/?attachment_id=1299&amp;lang=de\" class=\"wp-image-1299\" srcset=\"https:\/\/leclosvitis.com\/wp-content\/uploads\/2020\/09\/IMG_8404-1024x859.jpeg 1024w, https:\/\/leclosvitis.com\/wp-content\/uploads\/2020\/09\/IMG_8404-300x252.jpeg 300w, https:\/\/leclosvitis.com\/wp-content\/uploads\/2020\/09\/IMG_8404-768x644.jpeg 768w, https:\/\/leclosvitis.com\/wp-content\/uploads\/2020\/09\/IMG_8404-1536x1288.jpeg 1536w, https:\/\/leclosvitis.com\/wp-content\/uploads\/2020\/09\/IMG_8404-2048x1718.jpeg 2048w, https:\/\/leclosvitis.com\/wp-content\/uploads\/2020\/09\/IMG_8404-2000x1677.jpeg 2000w, https:\/\/leclosvitis.com\/wp-content\/uploads\/2020\/09\/IMG_8404-737x618.jpeg 737w\" sizes=\"auto, (max-width: 1024px) 100vw, 1024px\" \/><\/figure><\/li><li class=\"blocks-gallery-item\"><figure><img loading=\"lazy\" decoding=\"async\" width=\"1024\" height=\"683\" src=\"http:\/\/leclosvitis.com\/wp-content\/uploads\/2019\/10\/IMG_7452-1024x683.jpeg\" alt=\"\" data-id=\"373\" data-full-url=\"http:\/\/leclosvitis.com\/wp-content\/uploads\/2019\/10\/IMG_7452.jpeg\" data-link=\"http:\/\/leclosvitis.com\/?attachment_id=373&amp;lang=de\" class=\"wp-image-373\" srcset=\"https:\/\/leclosvitis.com\/wp-content\/uploads\/2019\/10\/IMG_7452-1024x683.jpeg 1024w, https:\/\/leclosvitis.com\/wp-content\/uploads\/2019\/10\/IMG_7452-300x200.jpeg 300w, https:\/\/leclosvitis.com\/wp-content\/uploads\/2019\/10\/IMG_7452-768x512.jpeg 768w, https:\/\/leclosvitis.com\/wp-content\/uploads\/2019\/10\/IMG_7452-2000x1333.jpeg 2000w, https:\/\/leclosvitis.com\/wp-content\/uploads\/2019\/10\/IMG_7452-927x618.jpeg 927w\" sizes=\"auto, (max-width: 1024px) 100vw, 1024px\" \/><\/figure><\/li><li class=\"blocks-gallery-item\"><figure><img loading=\"lazy\" decoding=\"async\" width=\"1024\" height=\"683\" src=\"http:\/\/leclosvitis.com\/wp-content\/uploads\/2019\/11\/IMG_8016-1024x683.jpeg\" alt=\"\" data-id=\"636\" data-full-url=\"http:\/\/leclosvitis.com\/wp-content\/uploads\/2019\/11\/IMG_8016.jpeg\" data-link=\"http:\/\/leclosvitis.com\/?attachment_id=636&amp;lang=de\" class=\"wp-image-636\" srcset=\"https:\/\/leclosvitis.com\/wp-content\/uploads\/2019\/11\/IMG_8016-1024x683.jpeg 1024w, https:\/\/leclosvitis.com\/wp-content\/uploads\/2019\/11\/IMG_8016-300x200.jpeg 300w, https:\/\/leclosvitis.com\/wp-content\/uploads\/2019\/11\/IMG_8016-768x512.jpeg 768w, https:\/\/leclosvitis.com\/wp-content\/uploads\/2019\/11\/IMG_8016-2000x1333.jpeg 2000w, https:\/\/leclosvitis.com\/wp-content\/uploads\/2019\/11\/IMG_8016-927x618.jpeg 927w\" sizes=\"auto, (max-width: 1024px) 100vw, 1024px\" \/><\/figure><\/li><li class=\"blocks-gallery-item\"><figure><img loading=\"lazy\" decoding=\"async\" width=\"1024\" height=\"683\" src=\"http:\/\/leclosvitis.com\/wp-content\/uploads\/2019\/11\/IMG_8044-1024x683.jpeg\" alt=\"\" data-id=\"785\" data-full-url=\"http:\/\/leclosvitis.com\/wp-content\/uploads\/2019\/11\/IMG_8044.jpeg\" data-link=\"http:\/\/leclosvitis.com\/?attachment_id=785&amp;lang=de\" class=\"wp-image-785\" srcset=\"https:\/\/leclosvitis.com\/wp-content\/uploads\/2019\/11\/IMG_8044-1024x683.jpeg 1024w, https:\/\/leclosvitis.com\/wp-content\/uploads\/2019\/11\/IMG_8044-300x200.jpeg 300w, https:\/\/leclosvitis.com\/wp-content\/uploads\/2019\/11\/IMG_8044-768x512.jpeg 768w, https:\/\/leclosvitis.com\/wp-content\/uploads\/2019\/11\/IMG_8044-2000x1333.jpeg 2000w, https:\/\/leclosvitis.com\/wp-content\/uploads\/2019\/11\/IMG_8044-927x618.jpeg 927w\" sizes=\"auto, (max-width: 1024px) 100vw, 1024px\" \/><\/figure><\/li><li class=\"blocks-gallery-item\"><figure><img loading=\"lazy\" decoding=\"async\" width=\"1024\" height=\"684\" src=\"http:\/\/leclosvitis.com\/wp-content\/uploads\/2019\/11\/IMG_8058-1024x684.jpeg\" alt=\"\" data-id=\"791\" data-full-url=\"http:\/\/leclosvitis.com\/wp-content\/uploads\/2019\/11\/IMG_8058.jpeg\" data-link=\"http:\/\/leclosvitis.com\/?attachment_id=791&amp;lang=de\" class=\"wp-image-791\" srcset=\"https:\/\/leclosvitis.com\/wp-content\/uploads\/2019\/11\/IMG_8058-1024x684.jpeg 1024w, https:\/\/leclosvitis.com\/wp-content\/uploads\/2019\/11\/IMG_8058-300x200.jpeg 300w, https:\/\/leclosvitis.com\/wp-content\/uploads\/2019\/11\/IMG_8058-768x513.jpeg 768w, https:\/\/leclosvitis.com\/wp-content\/uploads\/2019\/11\/IMG_8058-2000x1336.jpeg 2000w, https:\/\/leclosvitis.com\/wp-content\/uploads\/2019\/11\/IMG_8058-925x618.jpeg 925w\" sizes=\"auto, (max-width: 1024px) 100vw, 1024px\" \/><\/figure><\/li><li class=\"blocks-gallery-item\"><figure><img loading=\"lazy\" decoding=\"async\" width=\"1024\" height=\"683\" src=\"http:\/\/leclosvitis.com\/wp-content\/uploads\/2019\/11\/IMG_8029-1024x683.jpeg\" alt=\"\" data-id=\"802\" data-full-url=\"http:\/\/leclosvitis.com\/wp-content\/uploads\/2019\/11\/IMG_8029.jpeg\" data-link=\"http:\/\/leclosvitis.com\/?attachment_id=802&amp;lang=de\" class=\"wp-image-802\" srcset=\"https:\/\/leclosvitis.com\/wp-content\/uploads\/2019\/11\/IMG_8029-1024x683.jpeg 1024w, https:\/\/leclosvitis.com\/wp-content\/uploads\/2019\/11\/IMG_8029-300x200.jpeg 300w, https:\/\/leclosvitis.com\/wp-content\/uploads\/2019\/11\/IMG_8029-768x512.jpeg 768w, https:\/\/leclosvitis.com\/wp-content\/uploads\/2019\/11\/IMG_8029-2000x1333.jpeg 2000w, https:\/\/leclosvitis.com\/wp-content\/uploads\/2019\/11\/IMG_8029-927x618.jpeg 927w\" sizes=\"auto, (max-width: 1024px) 100vw, 1024px\" \/><\/figure><\/li><li class=\"blocks-gallery-item\"><figure><img loading=\"lazy\" decoding=\"async\" width=\"1024\" height=\"683\" src=\"http:\/\/leclosvitis.com\/wp-content\/uploads\/2020\/09\/IMG_8430-1024x683.jpeg\" alt=\"\" data-id=\"1293\" data-full-url=\"http:\/\/leclosvitis.com\/wp-content\/uploads\/2020\/09\/IMG_8430.jpeg\" data-link=\"http:\/\/leclosvitis.com\/?attachment_id=1293&amp;lang=de\" class=\"wp-image-1293\" srcset=\"https:\/\/leclosvitis.com\/wp-content\/uploads\/2020\/09\/IMG_8430-1024x683.jpeg 1024w, https:\/\/leclosvitis.com\/wp-content\/uploads\/2020\/09\/IMG_8430-300x200.jpeg 300w, https:\/\/leclosvitis.com\/wp-content\/uploads\/2020\/09\/IMG_8430-768x512.jpeg 768w, https:\/\/leclosvitis.com\/wp-content\/uploads\/2020\/09\/IMG_8430-1536x1024.jpeg 1536w, https:\/\/leclosvitis.com\/wp-content\/uploads\/2020\/09\/IMG_8430-2048x1365.jpeg 2048w, https:\/\/leclosvitis.com\/wp-content\/uploads\/2020\/09\/IMG_8430-2000x1333.jpeg 2000w, https:\/\/leclosvitis.com\/wp-content\/uploads\/2020\/09\/IMG_8430-927x618.jpeg 927w\" sizes=\"auto, (max-width: 1024px) 100vw, 1024px\" \/><\/figure><\/li><li class=\"blocks-gallery-item\"><figure><img loading=\"lazy\" decoding=\"async\" width=\"1024\" height=\"683\" src=\"http:\/\/leclosvitis.com\/wp-content\/uploads\/2020\/09\/IMG_8413-1024x683.jpg\" alt=\"\" data-id=\"1290\" data-full-url=\"http:\/\/leclosvitis.com\/wp-content\/uploads\/2020\/09\/IMG_8413.jpg\" data-link=\"http:\/\/leclosvitis.com\/?attachment_id=1290&amp;lang=de\" class=\"wp-image-1290\" srcset=\"https:\/\/leclosvitis.com\/wp-content\/uploads\/2020\/09\/IMG_8413-1024x683.jpg 1024w, https:\/\/leclosvitis.com\/wp-content\/uploads\/2020\/09\/IMG_8413-300x200.jpg 300w, https:\/\/leclosvitis.com\/wp-content\/uploads\/2020\/09\/IMG_8413-768x512.jpg 768w, https:\/\/leclosvitis.com\/wp-content\/uploads\/2020\/09\/IMG_8413-1536x1024.jpg 1536w, https:\/\/leclosvitis.com\/wp-content\/uploads\/2020\/09\/IMG_8413-2048x1365.jpg 2048w, https:\/\/leclosvitis.com\/wp-content\/uploads\/2020\/09\/IMG_8413-2000x1333.jpg 2000w, https:\/\/leclosvitis.com\/wp-content\/uploads\/2020\/09\/IMG_8413-927x618.jpg 927w\" sizes=\"auto, (max-width: 1024px) 100vw, 1024px\" \/><\/figure><\/li><li class=\"blocks-gallery-item\"><figure><img loading=\"lazy\" decoding=\"async\" width=\"1024\" height=\"663\" src=\"http:\/\/leclosvitis.com\/wp-content\/uploads\/2019\/11\/IMG_7902-1-1024x663.jpeg\" alt=\"\" data-id=\"811\" data-full-url=\"http:\/\/leclosvitis.com\/wp-content\/uploads\/2019\/11\/IMG_7902-1.jpeg\" data-link=\"http:\/\/leclosvitis.com\/?attachment_id=811&amp;lang=de\" class=\"wp-image-811\" srcset=\"https:\/\/leclosvitis.com\/wp-content\/uploads\/2019\/11\/IMG_7902-1-1024x663.jpeg 1024w, https:\/\/leclosvitis.com\/wp-content\/uploads\/2019\/11\/IMG_7902-1-300x194.jpeg 300w, https:\/\/leclosvitis.com\/wp-content\/uploads\/2019\/11\/IMG_7902-1-768x497.jpeg 768w, https:\/\/leclosvitis.com\/wp-content\/uploads\/2019\/11\/IMG_7902-1-2000x1296.jpeg 2000w, https:\/\/leclosvitis.com\/wp-content\/uploads\/2019\/11\/IMG_7902-1-954x618.jpeg 954w\" sizes=\"auto, (max-width: 1024px) 100vw, 1024px\" \/><\/figure><\/li><li class=\"blocks-gallery-item\"><figure><img loading=\"lazy\" decoding=\"async\" width=\"1024\" height=\"683\" src=\"http:\/\/leclosvitis.com\/wp-content\/uploads\/2019\/11\/IMG_6856-2-1024x683.jpeg\" alt=\"\" data-id=\"816\" data-full-url=\"http:\/\/leclosvitis.com\/wp-content\/uploads\/2019\/11\/IMG_6856-2.jpeg\" data-link=\"http:\/\/leclosvitis.com\/?attachment_id=816&amp;lang=de\" class=\"wp-image-816\" srcset=\"https:\/\/leclosvitis.com\/wp-content\/uploads\/2019\/11\/IMG_6856-2-1024x683.jpeg 1024w, https:\/\/leclosvitis.com\/wp-content\/uploads\/2019\/11\/IMG_6856-2-300x200.jpeg 300w, https:\/\/leclosvitis.com\/wp-content\/uploads\/2019\/11\/IMG_6856-2-768x512.jpeg 768w, https:\/\/leclosvitis.com\/wp-content\/uploads\/2019\/11\/IMG_6856-2-2000x1333.jpeg 2000w, https:\/\/leclosvitis.com\/wp-content\/uploads\/2019\/11\/IMG_6856-2-927x618.jpeg 927w\" sizes=\"auto, (max-width: 1024px) 100vw, 1024px\" \/><\/figure><\/li><li class=\"blocks-gallery-item\"><figure><img loading=\"lazy\" decoding=\"async\" width=\"1024\" height=\"683\" src=\"http:\/\/leclosvitis.com\/wp-content\/uploads\/2020\/09\/IMG_8499-1024x683.jpeg\" alt=\"\" data-id=\"1317\" data-full-url=\"http:\/\/leclosvitis.com\/wp-content\/uploads\/2020\/09\/IMG_8499.jpeg\" data-link=\"http:\/\/leclosvitis.com\/?attachment_id=1317&amp;lang=de\" class=\"wp-image-1317\" srcset=\"https:\/\/leclosvitis.com\/wp-content\/uploads\/2020\/09\/IMG_8499-1024x683.jpeg 1024w, https:\/\/leclosvitis.com\/wp-content\/uploads\/2020\/09\/IMG_8499-300x200.jpeg 300w, https:\/\/leclosvitis.com\/wp-content\/uploads\/2020\/09\/IMG_8499-768x512.jpeg 768w, https:\/\/leclosvitis.com\/wp-content\/uploads\/2020\/09\/IMG_8499-1536x1024.jpeg 1536w, https:\/\/leclosvitis.com\/wp-content\/uploads\/2020\/09\/IMG_8499-2048x1365.jpeg 2048w, https:\/\/leclosvitis.com\/wp-content\/uploads\/2020\/09\/IMG_8499-2000x1333.jpeg 2000w, https:\/\/leclosvitis.com\/wp-content\/uploads\/2020\/09\/IMG_8499-927x618.jpeg 927w\" sizes=\"auto, (max-width: 1024px) 100vw, 1024px\" \/><\/figure><\/li><\/ul><\/figure>\n","protected":false},"excerpt":{"rendered":"<p>Bertrand &amp; Laurence begr\u00fc\u00dfen Sie in einer idyllischen Umgebung.&nbsp; Im \u201eClos Vitis\u201c werden Sie die Ruhe und Sch\u00f6nheit der umliegenden Weinberge sch\u00e4tzen lernen.&nbsp;Das Haus bietet Ihnen die Vermietung einer Ferienwohnung, charmante G\u00e4stezimmer sowie einen G\u00e4stetisch-Service an.Hier finden Sie ger\u00e4umige Zimmer, einen Garten mit Au\u00dfenpool, wo Kiefern und Olivenb\u00e4ume angenehmen Schatten bieten, vor. Diese entspannende Atmosph\u00e4re, &hellip; <a href=\"https:\/\/leclosvitis.com\/?page_id=884&#038;lang=de\" class=\"more-link\">Continue reading<span class=\"screen-reader-text\"> \u00ab\u00a0Le Domaine\u00a0\u00bb<\/span><\/a><\/p>\n","protected":false},"author":1,"featured_media":0,"parent":0,"menu_order":0,"comment_status":"closed","ping_status":"closed","template":"template-front-page.php","meta":{"footnotes":""},"class_list":["post-884","page","type-page","status-publish","hentry"],"_links":{"self":[{"href":"https:\/\/leclosvitis.com\/index.php?rest_route=\/wp\/v2\/pages\/884","targetHints":{"allow":["GET"]}}],"collection":[{"href":"https:\/\/leclosvitis.com\/index.php?rest_route=\/wp\/v2\/pages"}],"about":[{"href":"https:\/\/leclosvitis.com\/index.php?rest_route=\/wp\/v2\/types\/page"}],"author":[{"embeddable":true,"href":"https:\/\/leclosvitis.com\/index.php?rest_route=\/wp\/v2\/users\/1"}],"replies":[{"embeddable":true,"href":"https:\/\/leclosvitis.com\/index.php?rest_route=%2Fwp%2Fv2%2Fcomments&post=884"}],"version-history":[{"count":3,"href":"https:\/\/leclosvitis.com\/index.php?rest_route=\/wp\/v2\/pages\/884\/revisions"}],"predecessor-version":[{"id":1332,"href":"https:\/\/leclosvitis.com\/index.php?rest_route=\/wp\/v2\/pages\/884\/revisions\/1332"}],"wp:attachment":[{"href":"https:\/\/leclosvitis.com\/index.php?rest_route=%2Fwp%2Fv2%2Fmedia&parent=884"}],"curies":[{"name":"wp","href":"https:\/\/api.w.org\/{rel}","templated":true}]}}